{"id":51344,"date":"2025-03-23T23:49:52","date_gmt":"2025-03-24T04:49:52","guid":{"rendered":"https:\/\/tribecahm.com\/index.php\/producto\/silla-carioca-castana\/"},"modified":"2026-01-16T11:26:11","modified_gmt":"2026-01-16T16:26:11","slug":"silla-carioca-castana","status":"publish","type":"product","link":"https:\/\/tribecahm.com\/index.php\/producto\/silla-carioca-castana\/","title":{"rendered":"SILLA CARIOCA CON BRAZOS"},"content":{"rendered":"<p>Los colores de las telas y tonalidades de los materiales de los productos que ofrecemos en nuestra p\u00e1gina web y redes sociales pueden diferir ligeramente de los tonos reales debido a las variaciones en la resoluci\u00f3n de su pantalla o monitor. Para garantizar una mayor precisi\u00f3n, recomendamos que verifique los colores en nuestra tienda antes de realizar su pedido, evitando as\u00ed cualquier confusi\u00f3n o la compra de un art\u00edculo diferente al esperado.<\/p>\n<p>Precios podr\u00edan variar sin previo aviso.<\/p>\n<p>Precios no incluye I.T.B.M.S.<\/p>\n","protected":false},"excerpt":{"rendered":"<p>Dise\u00f1ada por <strong data-start=\"625\" data-end=\"645\">Alexandre Kasper<\/strong>, esta colecci\u00f3n celebra la diversidad y la identidad de una de las ciudades m\u00e1s bellas del mundo.<br data-start=\"743\" data-end=\"746\" \/>Su originalidad y valor art\u00edstico le valieron el <strong data-start=\"795\" data-end=\"818\">premio Sal\u00e3o Design<\/strong>, uno de los reconocimientos m\u00e1s importantes del dise\u00f1o en Am\u00e9rica Latina, y fue destacada en eventos internacionales como la feria de Mil\u00e1n.<\/p>\n<p data-start=\"143\" data-end=\"431\">Inspirada en el alma vibrante de R\u00edo de Janeiro, la silla <strong data-start=\"205\" data-end=\"216\">Carioca<\/strong> combina la calidez de la carpinter\u00eda tradicional con la elegancia del dise\u00f1o contempor\u00e1neo.<br data-start=\"308\" data-end=\"311\" \/>Su esencia rinde homenaje al ic\u00f3nico Cristo Redentor y a la cultura carioca, fusionando historia, estilo y autenticidad.<\/p>\n<p data-start=\"433\" data-end=\"610\">La pieza protagonista, el <strong data-start=\"459\" data-end=\"477\">Espejo Carioca<\/strong>, reinterpreta la forma de una tabla de surf reposando sobre las arenas de R\u00edo, creando un v\u00ednculo entre naturaleza, arte y dise\u00f1o.<\/p>\n","protected":false},"featured_media":54310,"template":"","meta":[],"product_brand":[],"product_cat":[142],"product_tag":[234],"class_list":{"0":"post-51344","1":"product","2":"type-product","3":"status-publish","4":"has-post-thumbnail","6":"product_cat-sillasdecomedor","7":"product_tag-sillas-de-comedor","9":"first","10":"instock","11":"taxable","12":"shipping-taxable","13":"product-type-simple"},"jetpack_sharing_enabled":true,"_links":{"self":[{"href":"https:\/\/tribecahm.com\/index.php\/wp-json\/wp\/v2\/product\/51344","targetHints":{"allow":["GET"]}}],"collection":[{"href":"https:\/\/tribecahm.com\/index.php\/wp-json\/wp\/v2\/product"}],"about":[{"href":"https:\/\/tribecahm.com\/index.php\/wp-json\/wp\/v2\/types\/product"}],"version-history":[{"count":12,"href":"https:\/\/tribecahm.com\/index.php\/wp-json\/wp\/v2\/product\/51344\/revisions"}],"predecessor-version":[{"id":54311,"href":"https:\/\/tribecahm.com\/index.php\/wp-json\/wp\/v2\/product\/51344\/revisions\/54311"}],"wp:featuredmedia":[{"embeddable":true,"href":"https:\/\/tribecahm.com\/index.php\/wp-json\/wp\/v2\/media\/54310"}],"wp:attachment":[{"href":"https:\/\/tribecahm.com\/index.php\/wp-json\/wp\/v2\/media?parent=51344"}],"wp:term":[{"taxonomy":"product_brand","embeddable":true,"href":"https:\/\/tribecahm.com\/index.php\/wp-json\/wp\/v2\/product_brand?post=51344"},{"taxonomy":"product_cat","embeddable":true,"href":"https:\/\/tribecahm.com\/index.php\/wp-json\/wp\/v2\/product_cat?post=51344"},{"taxonomy":"product_tag","embeddable":true,"href":"https:\/\/tribecahm.com\/index.php\/wp-json\/wp\/v2\/product_tag?post=51344"}],"curies":[{"name":"wp","href":"https:\/\/api.w.org\/{rel}","templated":true}]}}

<p>Los colores de las telas y tonalidades de los materiales de los productos que ofrecemos en nuestra página web y redes sociales pueden diferir ligeramente de los tonos reales debido a las variaciones en la resolución de su pantalla o monitor. Para garantizar una mayor precisión, recomendamos que verifique los colores en nuestra tienda antes de realizar su pedido, evitando así cualquier confusión o la compra de un artículo diferente al esperado.</p>
<p>Precios podrían variar sin previo aviso.</p>
<p>Precios no incluye I.T.B.M.S.</p>

<p>Diseñada por <strong data-start="625" data-end="645">Alexandre Kasper</strong>, esta colección celebra la diversidad y la identidad de una de las ciudades más bellas del mundo.<br data-start="743" data-end="746" />Su originalidad y valor artístico le valieron el <strong data-start="795" data-end="818">premio Salão Design</strong>, uno de los reconocimientos más importantes del diseño en América Latina, y fue destacada en eventos internacionales como la feria de Milán.</p>
<p data-start="143" data-end="431">Inspirada en el alma vibrante de Río de Janeiro, la silla <strong data-start="205" data-end="216">Carioca</strong> combina la calidez de la carpintería tradicional con la elegancia del diseño contemporáneo.<br data-start="308" data-end="311" />Su esencia rinde homenaje al icónico Cristo Redentor y a la cultura carioca, fusionando historia, estilo y autenticidad.</p>
<p data-start="433" data-end="610">La pieza protagonista, el <strong data-start="459" data-end="477">Espejo Carioca</strong>, reinterpreta la forma de una tabla de surf reposando sobre las arenas de Río, creando un vínculo entre naturaleza, arte y diseño.</p>
