{"id":53879,"date":"2025-10-03T22:23:21","date_gmt":"2025-10-04T03:23:21","guid":{"rendered":"https:\/\/tribecahm.com\/?post_type=product&#038;p=53879"},"modified":"2026-04-24T22:34:35","modified_gmt":"2026-04-25T03:34:35","slug":"mesa-de-centro-venita-imbuia-off-white","status":"publish","type":"product","link":"https:\/\/tribecahm.com\/index.php\/producto\/mesa-de-centro-venita-imbuia-off-white\/","title":{"rendered":"MESA DE CENTRO VENITA"},"content":{"rendered":"<p>Los colores de las telas y tonalidades de los materiales de los productos que ofrecemos en nuestra p\u00e1gina web y redes sociales pueden diferir ligeramente de los tonos reales debido a las variaciones en la resoluci\u00f3n de su pantalla o monitor. Para garantizar una mayor precisi\u00f3n, recomendamos que verifique los colores en nuestra tienda antes de realizar su pedido, evitando as\u00ed cualquier confusi\u00f3n o la compra de un art\u00edculo diferente al esperado.<\/p>\n<p>&nbsp;<\/p>\n<p>Precios podr\u00edan variar sin previo aviso.<\/p>\n<p>Precios no incluye I.T.B.M.S.<\/p>\n","protected":false},"excerpt":{"rendered":"<p>La <strong data-start=\"65\" data-end=\"90\">Mesa de Centro Venita<\/strong> combina dise\u00f1o contempor\u00e1neo y versatilidad, con un elegante acabado en tono imbuia y superficie en <strong>off white<\/strong>. Sus medidas de <strong data-start=\"213\" data-end=\"239\">1,25 m x 60 cm x 37 cm<\/strong> la hacen perfecta para destacar en tu sala, ya sea usada de manera individual o en conjunto con la versi\u00f3n de menor altura (<strong data-start=\"364\" data-end=\"373\">33 cm<\/strong>) para crear dinamismo y estilo. Adem\u00e1s, est\u00e1 disponible en otras combinaciones como <strong data-start=\"458\" data-end=\"516\">toda en imbuia, imbuia con fendi o imbuia con nude<\/strong>, adapt\u00e1ndose a distintos gustos y ambientes. Para m\u00e1s informaci\u00f3n, ac\u00e9rcate a nuestra tienda o contacta a uno de nuestros asesores de venta.<\/p>\n","protected":false},"featured_media":53880,"template":"","meta":[],"product_brand":[],"product_cat":[241,158,233,151],"product_tag":[],"class_list":{"0":"post-53879","1":"product","2":"type-product","3":"status-publish","4":"has-post-thumbnail","6":"product_cat-4newin","7":"product_cat-mesasdecentro","8":"product_cat-mesas-de-centro","9":"product_cat-salas","11":"first","12":"instock","13":"taxable","14":"shipping-taxable","15":"product-type-simple"},"jetpack_sharing_enabled":true,"_links":{"self":[{"href":"https:\/\/tribecahm.com\/index.php\/wp-json\/wp\/v2\/product\/53879","targetHints":{"allow":["GET"]}}],"collection":[{"href":"https:\/\/tribecahm.com\/index.php\/wp-json\/wp\/v2\/product"}],"about":[{"href":"https:\/\/tribecahm.com\/index.php\/wp-json\/wp\/v2\/types\/product"}],"version-history":[{"count":4,"href":"https:\/\/tribecahm.com\/index.php\/wp-json\/wp\/v2\/product\/53879\/revisions"}],"predecessor-version":[{"id":54463,"href":"https:\/\/tribecahm.com\/index.php\/wp-json\/wp\/v2\/product\/53879\/revisions\/54463"}],"wp:featuredmedia":[{"embeddable":true,"href":"https:\/\/tribecahm.com\/index.php\/wp-json\/wp\/v2\/media\/53880"}],"wp:attachment":[{"href":"https:\/\/tribecahm.com\/index.php\/wp-json\/wp\/v2\/media?parent=53879"}],"wp:term":[{"taxonomy":"product_brand","embeddable":true,"href":"https:\/\/tribecahm.com\/index.php\/wp-json\/wp\/v2\/product_brand?post=53879"},{"taxonomy":"product_cat","embeddable":true,"href":"https:\/\/tribecahm.com\/index.php\/wp-json\/wp\/v2\/product_cat?post=53879"},{"taxonomy":"product_tag","embeddable":true,"href":"https:\/\/tribecahm.com\/index.php\/wp-json\/wp\/v2\/product_tag?post=53879"}],"curies":[{"name":"wp","href":"https:\/\/api.w.org\/{rel}","templated":true}]}}

<p>Los colores de las telas y tonalidades de los materiales de los productos que ofrecemos en nuestra página web y redes sociales pueden diferir ligeramente de los tonos reales debido a las variaciones en la resolución de su pantalla o monitor. Para garantizar una mayor precisión, recomendamos que verifique los colores en nuestra tienda antes de realizar su pedido, evitando así cualquier confusión o la compra de un artículo diferente al esperado.</p>
<p>&nbsp;</p>
<p>Precios podrían variar sin previo aviso.</p>
<p>Precios no incluye I.T.B.M.S.</p>

<p>La <strong data-start="65" data-end="90">Mesa de Centro Venita</strong> combina diseño contemporáneo y versatilidad, con un elegante acabado en tono imbuia y superficie en <strong>off white</strong>. Sus medidas de <strong data-start="213" data-end="239">1,25 m x 60 cm x 37 cm</strong> la hacen perfecta para destacar en tu sala, ya sea usada de manera individual o en conjunto con la versión de menor altura (<strong data-start="364" data-end="373">33 cm</strong>) para crear dinamismo y estilo. Además, está disponible en otras combinaciones como <strong data-start="458" data-end="516">toda en imbuia, imbuia con fendi o imbuia con nude</strong>, adaptándose a distintos gustos y ambientes. Para más información, acércate a nuestra tienda o contacta a uno de nuestros asesores de venta.</p>
