{"id":54136,"date":"2025-11-06T19:27:49","date_gmt":"2025-11-07T00:27:49","guid":{"rendered":"https:\/\/tribecahm.com\/?post_type=product&#038;p=54136"},"modified":"2026-03-16T15:43:42","modified_gmt":"2026-03-16T20:43:42","slug":"mesa-virgo-2-20mt","status":"publish","type":"product","link":"https:\/\/tribecahm.com\/index.php\/producto\/mesa-virgo-2-20mt\/","title":{"rendered":"MESA VIRGO 2.20mt"},"content":{"rendered":"<p>Los colores de las telas y tonalidades de los materiales de los productos que ofrecemos en nuestra p\u00e1gina web y redes sociales pueden diferir ligeramente de los tonos reales debido a las variaciones en la resoluci\u00f3n de su pantalla o monitor. Para garantizar una mayor precisi\u00f3n, recomendamos que verifique los colores en nuestra tienda antes de realizar su pedido, evitando as\u00ed cualquier confusi\u00f3n o la compra de un art\u00edculo diferente al esperado.<\/p>\n<p>40% de descuento por cambio de colecci\u00f3n, desde el 16 de marzo del 2026 hasta el 16 de junio del 2026. Una unidad disponible.<\/p>\n<p>Precios podr\u00edan variar sin previo aviso.<\/p>\n<p>Precios no incluye I.T.B.M.S.<\/p>\n","protected":false},"excerpt":{"rendered":"<p>La mesa Virgo combina elegancia contempor\u00e1nea con materiales de alta calidad. Su dise\u00f1o de l\u00edneas puras y base en madera curvada aporta calidez y sofisticaci\u00f3n al comedor. El <strong data-start=\"279\" data-end=\"319\">tope de vidrio en tono New Off White<\/strong> realza su est\u00e9tica moderna.<\/p>\n<p data-start=\"73\" data-end=\"518\">Con una medida de <strong data-start=\"398\" data-end=\"417\">2.20 m x 1.10 m<\/strong>, permite reunir c\u00f3modamente hasta <strong data-start=\"452\" data-end=\"465\">8 puestos<\/strong>, ideal para espacios amplios y ambientes sociales.<\/p>\n","protected":false},"featured_media":54137,"template":"","meta":[],"product_brand":[],"product_cat":[55,240,205,89,148,226],"product_tag":[],"class_list":{"0":"post-54136","1":"product","2":"type-product","3":"status-publish","4":"has-post-thumbnail","6":"product_cat-areadecomedor","7":"product_cat-enoferta","8":"product_cat-mesas-de-comedor","9":"product_cat-mesasdecomedor","10":"product_cat-mesasrectangulares","11":"product_cat-mesas-rectangulares","13":"first","14":"instock","15":"sale","16":"taxable","17":"shipping-taxable","18":"product-type-simple"},"jetpack_sharing_enabled":true,"_links":{"self":[{"href":"https:\/\/tribecahm.com\/index.php\/wp-json\/wp\/v2\/product\/54136","targetHints":{"allow":["GET"]}}],"collection":[{"href":"https:\/\/tribecahm.com\/index.php\/wp-json\/wp\/v2\/product"}],"about":[{"href":"https:\/\/tribecahm.com\/index.php\/wp-json\/wp\/v2\/types\/product"}],"version-history":[{"count":6,"href":"https:\/\/tribecahm.com\/index.php\/wp-json\/wp\/v2\/product\/54136\/revisions"}],"predecessor-version":[{"id":54454,"href":"https:\/\/tribecahm.com\/index.php\/wp-json\/wp\/v2\/product\/54136\/revisions\/54454"}],"wp:featuredmedia":[{"embeddable":true,"href":"https:\/\/tribecahm.com\/index.php\/wp-json\/wp\/v2\/media\/54137"}],"wp:attachment":[{"href":"https:\/\/tribecahm.com\/index.php\/wp-json\/wp\/v2\/media?parent=54136"}],"wp:term":[{"taxonomy":"product_brand","embeddable":true,"href":"https:\/\/tribecahm.com\/index.php\/wp-json\/wp\/v2\/product_brand?post=54136"},{"taxonomy":"product_cat","embeddable":true,"href":"https:\/\/tribecahm.com\/index.php\/wp-json\/wp\/v2\/product_cat?post=54136"},{"taxonomy":"product_tag","embeddable":true,"href":"https:\/\/tribecahm.com\/index.php\/wp-json\/wp\/v2\/product_tag?post=54136"}],"curies":[{"name":"wp","href":"https:\/\/api.w.org\/{rel}","templated":true}]}}