{"id":54508,"date":"2026-03-30T13:13:31","date_gmt":"2026-03-30T18:13:31","guid":{"rendered":"https:\/\/tribecahm.com\/?post_type=product&#038;p=54508"},"modified":"2026-03-30T13:29:08","modified_gmt":"2026-03-30T18:29:08","slug":"colchon-suavitta-queen","status":"publish","type":"product","link":"https:\/\/tribecahm.com\/index.php\/producto\/colchon-suavitta-queen\/","title":{"rendered":"COLCHON SUAVITTA PILLOW IN QUEEN"},"content":{"rendered":"<p>Los colores de las telas y tonalidades de los materiales de los productos que ofrecemos en nuestra p\u00e1gina web y redes sociales pueden diferir ligeramente de los tonos reales debido a las variaciones en la resoluci\u00f3n de su pantalla o monitor. Para garantizar una mayor precisi\u00f3n, recomendamos que verifique los colores en nuestra tienda antes de realizar su pedido, evitando as\u00ed cualquier confusi\u00f3n o la compra de un art\u00edculo diferente al esperado.<\/p>\n<p><span style=\"color: #ff0000;\">EL COLCHON NO VIENE CON EL BOX, SOLO SE VENDE EL COLCHON.<\/span><\/p>\n<p>Precios podr\u00edan variar sin previo aviso.<\/p>\n<p>Precios no incluye I.T.B.M.S.<\/p>\n","protected":false},"excerpt":{"rendered":"<p>La tela de la tapa en malla de alta gramatura tiene un toque fresco y aterciopelado y cuenta con tratamiento VBacBlock, que ofrece acci\u00f3n antiviral y antibacteriana. Los iones de plata presentes en la tela inhiben la proliferaci\u00f3n de microorganismos y proporcionan m\u00e1s salud e higiene. Adem\u00e1s, VBacBlock alivia crisis respiratorias y facilita una noche de sue\u00f1o tranquila y relajada.<\/p>\n<p>Las franjas laterales en boucl\u00e9 de alta decoraci\u00f3n confieren al modelo un aspecto refinado y sofisticado. La capa de confort en espuma HR D45 de alta resiliencia respeta el formato del cuerpo y se moldea milim\u00e9tricamente.<\/p>\n<p>En el soporte, una capa de espuma D33 m\u00e1s los Resortes Pocket de 2.0mm, sustentados por la PRA\u00ae Placa R\u00edgida Anjos, promueven estabilidad y resultan en un colch\u00f3n m\u00e1s duradero pues inhibe el hundimiento. Cuenta adem\u00e1s con el sistema encapsulado que aumenta el \u00e1rea \u00fatil del colch\u00f3n.<\/p>\n","protected":false},"featured_media":54509,"template":"","meta":[],"product_brand":[],"product_cat":[237,213],"product_tag":[],"class_list":{"0":"post-54508","1":"product","2":"type-product","3":"status-publish","4":"has-post-thumbnail","6":"product_cat-colchones","7":"product_cat-dormitorio","9":"first","10":"instock","11":"taxable","12":"shipping-taxable","13":"product-type-simple"},"jetpack_sharing_enabled":true,"_links":{"self":[{"href":"https:\/\/tribecahm.com\/index.php\/wp-json\/wp\/v2\/product\/54508","targetHints":{"allow":["GET"]}}],"collection":[{"href":"https:\/\/tribecahm.com\/index.php\/wp-json\/wp\/v2\/product"}],"about":[{"href":"https:\/\/tribecahm.com\/index.php\/wp-json\/wp\/v2\/types\/product"}],"version-history":[{"count":3,"href":"https:\/\/tribecahm.com\/index.php\/wp-json\/wp\/v2\/product\/54508\/revisions"}],"predecessor-version":[{"id":54519,"href":"https:\/\/tribecahm.com\/index.php\/wp-json\/wp\/v2\/product\/54508\/revisions\/54519"}],"wp:featuredmedia":[{"embeddable":true,"href":"https:\/\/tribecahm.com\/index.php\/wp-json\/wp\/v2\/media\/54509"}],"wp:attachment":[{"href":"https:\/\/tribecahm.com\/index.php\/wp-json\/wp\/v2\/media?parent=54508"}],"wp:term":[{"taxonomy":"product_brand","embeddable":true,"href":"https:\/\/tribecahm.com\/index.php\/wp-json\/wp\/v2\/product_brand?post=54508"},{"taxonomy":"product_cat","embeddable":true,"href":"https:\/\/tribecahm.com\/index.php\/wp-json\/wp\/v2\/product_cat?post=54508"},{"taxonomy":"product_tag","embeddable":true,"href":"https:\/\/tribecahm.com\/index.php\/wp-json\/wp\/v2\/product_tag?post=54508"}],"curies":[{"name":"wp","href":"https:\/\/api.w.org\/{rel}","templated":true}]}}