{"id":54686,"date":"2026-04-23T07:39:37","date_gmt":"2026-04-23T12:39:37","guid":{"rendered":"https:\/\/tribecahm.com\/?post_type=product&#038;p=54686"},"modified":"2026-04-25T15:38:52","modified_gmt":"2026-04-25T20:38:52","slug":"carro-bar-amaro-catena","status":"publish","type":"product","link":"https:\/\/tribecahm.com\/index.php\/producto\/carro-bar-amaro-catena\/","title":{"rendered":"CARRO BAR AMARO CATENA"},"content":{"rendered":"<p>Los colores de las telas y tonalidades de los materiales de los productos que ofrecemos en nuestra p\u00e1gina web y redes sociales pueden diferir ligeramente de los tonos reales debido a las variaciones en la resoluci\u00f3n de su pantalla o monitor. Para garantizar una mayor precisi\u00f3n, recomendamos que verifique los colores en nuestra tienda antes de realizar su pedido, evitando as\u00ed cualquier confusi\u00f3n o la compra de un art\u00edculo diferente al esperado.<\/p>\n<p>35% de descuento desde el 16 de marzo hasta el 15 de junio del 2026. Solo una disponible en stock.<\/p>\n<p>Precios podr\u00edan variar sin previo aviso.<\/p>\n<p>Precios no incluye I.T.B.M.S.<\/p>\n","protected":false},"excerpt":{"rendered":"<p data-start=\"196\" data-end=\"427\">El carro bar <strong>Catena<\/strong> es una pieza elegante y funcional que aporta sofisticaci\u00f3n a cualquier espacio. Su dise\u00f1o combina materiales nobles y acabados contempor\u00e1neos, convirti\u00e9ndolo en un elemento decorativo y pr\u00e1ctico al mismo tiempo.<\/p>\n<p data-start=\"429\" data-end=\"639\">El sobre en m\u00e1rmol travertino destaca por su textura natural y car\u00e1cter atemporal, mientras que la estructura en laca Fendi aporta un acabado suave y refinado que se integra perfectamente en ambientes modernos.<\/p>\n<p data-start=\"429\" data-end=\"639\"><strong>MEDIDAS:<\/strong><\/p>\n<ul>\n<li data-section-id=\"1r52nrm\" data-start=\"1134\" data-end=\"1151\">Largo: 119 cm<\/li>\n<li data-section-id=\"wgq1j8\" data-start=\"1152\" data-end=\"1174\">Profundidad: 51 cm<\/li>\n<li data-section-id=\"1r8os85\" data-start=\"1175\" data-end=\"1190\">Alto: 78 cm<\/li>\n<\/ul>\n","protected":false},"featured_media":54690,"template":"","meta":[],"product_brand":[],"product_cat":[165,220,227,228,240],"product_tag":[],"class_list":{"0":"post-54686","1":"product","2":"type-product","3":"status-publish","4":"has-post-thumbnail","6":"product_cat-areabar","7":"product_cat-area-bar","8":"product_cat-area-de-bar","9":"product_cat-carrobar","10":"product_cat-enoferta","12":"first","13":"instock","14":"sale","15":"taxable","16":"shipping-taxable","17":"product-type-simple"},"jetpack_sharing_enabled":true,"_links":{"self":[{"href":"https:\/\/tribecahm.com\/index.php\/wp-json\/wp\/v2\/product\/54686","targetHints":{"allow":["GET"]}}],"collection":[{"href":"https:\/\/tribecahm.com\/index.php\/wp-json\/wp\/v2\/product"}],"about":[{"href":"https:\/\/tribecahm.com\/index.php\/wp-json\/wp\/v2\/types\/product"}],"version-history":[{"count":1,"href":"https:\/\/tribecahm.com\/index.php\/wp-json\/wp\/v2\/product\/54686\/revisions"}],"predecessor-version":[{"id":54691,"href":"https:\/\/tribecahm.com\/index.php\/wp-json\/wp\/v2\/product\/54686\/revisions\/54691"}],"wp:featuredmedia":[{"embeddable":true,"href":"https:\/\/tribecahm.com\/index.php\/wp-json\/wp\/v2\/media\/54690"}],"wp:attachment":[{"href":"https:\/\/tribecahm.com\/index.php\/wp-json\/wp\/v2\/media?parent=54686"}],"wp:term":[{"taxonomy":"product_brand","embeddable":true,"href":"https:\/\/tribecahm.com\/index.php\/wp-json\/wp\/v2\/product_brand?post=54686"},{"taxonomy":"product_cat","embeddable":true,"href":"https:\/\/tribecahm.com\/index.php\/wp-json\/wp\/v2\/product_cat?post=54686"},{"taxonomy":"product_tag","embeddable":true,"href":"https:\/\/tribecahm.com\/index.php\/wp-json\/wp\/v2\/product_tag?post=54686"}],"curies":[{"name":"wp","href":"https:\/\/api.w.org\/{rel}","templated":true}]}}

<p>Los colores de las telas y tonalidades de los materiales de los productos que ofrecemos en nuestra página web y redes sociales pueden diferir ligeramente de los tonos reales debido a las variaciones en la resolución de su pantalla o monitor. Para garantizar una mayor precisión, recomendamos que verifique los colores en nuestra tienda antes de realizar su pedido, evitando así cualquier confusión o la compra de un artículo diferente al esperado.</p>
<p>35% de descuento desde el 16 de marzo hasta el 15 de junio del 2026. Solo una disponible en stock.</p>
<p>Precios podrían variar sin previo aviso.</p>
<p>Precios no incluye I.T.B.M.S.</p>

<p data-start="196" data-end="427">El carro bar <strong>Catena</strong> es una pieza elegante y funcional que aporta sofisticación a cualquier espacio. Su diseño combina materiales nobles y acabados contemporáneos, convirtiéndolo en un elemento decorativo y práctico al mismo tiempo.</p>
<p data-start="429" data-end="639">El sobre en mármol travertino destaca por su textura natural y carácter atemporal, mientras que la estructura en laca Fendi aporta un acabado suave y refinado que se integra perfectamente en ambientes modernos.</p>
<p data-start="429" data-end="639"><strong>MEDIDAS:</strong></p>
<ul>
<li data-section-id="1r52nrm" data-start="1134" data-end="1151">Largo: 119 cm</li>
<li data-section-id="wgq1j8" data-start="1152" data-end="1174">Profundidad: 51 cm</li>
<li data-section-id="1r8os85" data-start="1175" data-end="1190">Alto: 78 cm</li>
</ul>
