{"id":54739,"date":"2026-04-27T17:59:37","date_gmt":"2026-04-27T22:59:37","guid":{"rendered":"https:\/\/tribecahm.com\/?post_type=product&#038;p=54739"},"modified":"2026-05-13T20:40:29","modified_gmt":"2026-05-14T01:40:29","slug":"silla-voga-phala","status":"publish","type":"product","link":"https:\/\/tribecahm.com\/index.php\/producto\/silla-voga-phala\/","title":{"rendered":"SILLA VOGA PHALA"},"content":{"rendered":"<p>Los colores de las telas y tonalidades de los materiales de los productos que ofrecemos en nuestra p\u00e1gina web y redes sociales pueden diferir ligeramente de los tonos reales debido a las variaciones en la resoluci\u00f3n de su pantalla o monitor. Para garantizar una mayor precisi\u00f3n, recomendamos que verifique los colores en nuestra tienda antes de realizar su pedido, evitando as\u00ed cualquier confusi\u00f3n o la compra de un art\u00edculo diferente al esperado.<\/p>\n<p>Precios podr\u00edan variar sin previo aviso.<\/p>\n<p>Precios incluyen I.T.B.M.S.<\/p>\n","protected":false},"excerpt":{"rendered":"<p>Disenador Eduardo Trevisan.<\/p>\n<p>Voga fue concebida como una soluci\u00f3n acertada para el uso diario.<br \/>\nSu dise\u00f1o presenta espacios abiertos que la hacen pr\u00e1ctica y est\u00e9ticamente delicada, gracias a sus l\u00edneas que enfatizan la belleza de la madera, materia prima que recorre toda la pieza de mobiliario.<\/p>\n<p>El tono de madera PHala, ideal para estilos escandinavo (minimalista), Japanese (lineas simples), org\u00e1nico (texturas suaves, sensaci\u00f3n acogedora) y playa (madera clara, ambiente relajado).<\/p>\n","protected":false},"featured_media":54741,"template":"","meta":[],"product_brand":[],"product_cat":[142],"product_tag":[],"class_list":{"0":"post-54739","1":"product","2":"type-product","3":"status-publish","4":"has-post-thumbnail","6":"product_cat-sillasdecomedor","8":"first","9":"instock","10":"taxable","11":"shipping-taxable","12":"product-type-simple"},"jetpack_sharing_enabled":true,"_links":{"self":[{"href":"https:\/\/tribecahm.com\/index.php\/wp-json\/wp\/v2\/product\/54739","targetHints":{"allow":["GET"]}}],"collection":[{"href":"https:\/\/tribecahm.com\/index.php\/wp-json\/wp\/v2\/product"}],"about":[{"href":"https:\/\/tribecahm.com\/index.php\/wp-json\/wp\/v2\/types\/product"}],"version-history":[{"count":3,"href":"https:\/\/tribecahm.com\/index.php\/wp-json\/wp\/v2\/product\/54739\/revisions"}],"predecessor-version":[{"id":55299,"href":"https:\/\/tribecahm.com\/index.php\/wp-json\/wp\/v2\/product\/54739\/revisions\/55299"}],"wp:featuredmedia":[{"embeddable":true,"href":"https:\/\/tribecahm.com\/index.php\/wp-json\/wp\/v2\/media\/54741"}],"wp:attachment":[{"href":"https:\/\/tribecahm.com\/index.php\/wp-json\/wp\/v2\/media?parent=54739"}],"wp:term":[{"taxonomy":"product_brand","embeddable":true,"href":"https:\/\/tribecahm.com\/index.php\/wp-json\/wp\/v2\/product_brand?post=54739"},{"taxonomy":"product_cat","embeddable":true,"href":"https:\/\/tribecahm.com\/index.php\/wp-json\/wp\/v2\/product_cat?post=54739"},{"taxonomy":"product_tag","embeddable":true,"href":"https:\/\/tribecahm.com\/index.php\/wp-json\/wp\/v2\/product_tag?post=54739"}],"curies":[{"name":"wp","href":"https:\/\/api.w.org\/{rel}","templated":true}]}}