{"id":54757,"date":"2026-04-28T09:46:34","date_gmt":"2026-04-28T14:46:34","guid":{"rendered":"https:\/\/tribecahm.com\/?post_type=product&#038;p=54757"},"modified":"2026-05-13T20:27:19","modified_gmt":"2026-05-14T01:27:19","slug":"sofa-petri-1-80-mt","status":"publish","type":"product","link":"https:\/\/tribecahm.com\/index.php\/producto\/sofa-petri-1-80-mt\/","title":{"rendered":"SOFA PETRI 1.80 MT"},"content":{"rendered":"<p>Los colores de las telas y tonalidades de los materiales de los productos que ofrecemos en nuestra p\u00e1gina web y redes sociales pueden diferir ligeramente de los tonos reales debido a las variaciones en la resoluci\u00f3n de su pantalla o monitor. Para garantizar una mayor precisi\u00f3n, recomendamos que verifique los colores en nuestra tienda antes de realizar su pedido, evitando as\u00ed cualquier confusi\u00f3n o la compra de un art\u00edculo diferente al esperado.<\/p>\n<p>Precios podr\u00edan variar sin previo aviso.<\/p>\n<p>Precios incluye I.T.B.M.S.<\/p>\n","protected":false},"excerpt":{"rendered":"<section class=\"text-token-text-primary w-full focus:outline-none [--shadow-height:45px] has-data-writing-block:pointer-events-none has-data-writing-block:-mt-(--shadow-height) has-data-writing-block:pt-(--shadow-height) [&amp;:has([data-writing-block])&gt;*]:pointer-events-auto [content-visibility:auto] supports-[content-visibility:auto]:[contain-intrinsic-size:auto_100lvh] R6Vx5W_threadScrollVars scroll-mb-[calc(var(--scroll-root-safe-area-inset-bottom,0px)+var(--thread-response-height))] scroll-mt-[calc(var(--header-height)+min(200px,max(70px,20svh)))]\" dir=\"auto\" style=\"font-style: normal; font-variant-caps: normal; font-weight: 400; letter-spacing: normal; orphans: auto; text-align: start; text-indent: 0px; text-transform: none; white-space: normal; widows: auto; word-spacing: 0px; -webkit-text-stroke-width: 0px; text-decoration: none; caret-color: #000000; color: #000000;\" data-turn-id=\"request-WEB:c02a72dc-97cc-4435-a895-521a05690062-29\" data-testid=\"conversation-turn-2\" data-scroll-anchor=\"false\" data-turn=\"assistant\">\n<div class=\"text-base my-auto mx-auto pb-10 [--thread-content-margin:var(--thread-content-margin-xs,calc(var(--spacing)*4))] @w-sm\/main:[--thread-content-margin:var(--thread-content-margin-sm,calc(var(--spacing)*6))] @w-lg\/main:[--thread-content-margin:var(--thread-content-margin-lg,calc(var(--spacing)*16))] px-(--thread-content-margin)\">\n<div class=\"[--thread-content-max-width:40rem] @w-lg\/main:[--thread-content-max-width:48rem] mx-auto max-w-(--thread-content-max-width) flex-1 group\/turn-messages focus-visible:outline-hidden relative flex w-full min-w-0 flex-col agent-turn\">\n<div class=\"flex max-w-full flex-col gap-4 grow\">\n<div class=\"min-h-8 text-message relative flex w-full flex-col items-end gap-2 text-start break-words whitespace-normal outline-none keyboard-focused:focus-ring [.text-message+&amp;]:mt-1\" dir=\"auto\" tabindex=\"0\" data-message-author-role=\"assistant\" data-message-id=\"55f72f77-6a6e-4f9e-92c2-6502c5bd40e3\" data-message-model-slug=\"gpt-5-5-thinking\" data-turn-start-message=\"true\">\n<div class=\"flex w-full flex-col gap-1 empty:hidden\">\n<div class=\"markdown prose dark:prose-invert w-full wrap-break-word light markdown-new-styling\">\n<p data-start=\"0\" data-end=\"37\"><strong data-start=\"0\" data-end=\"37\">Sof\u00e1 Petri 1.80m Retr\u00e1ctil y Reclinable con tela easyclean.\u00a0<\/strong><\/p>\n<p data-start=\"39\" data-end=\"274\">El Sof\u00e1 Petri es sin\u00f3nimo de confort, funcionalidad y dise\u00f1o contempor\u00e1neo. Su estructura retr\u00e1ctil y reclinable permite extender y reclinar cada m\u00f3dulo de manera independiente, adapt\u00e1ndose f\u00e1cilmente a diferentes momentos de descanso.<\/p>\n<p data-start=\"276\" data-end=\"410\">Con brazos finos y una est\u00e9tica minimalista, es una pieza vers\u00e1til que aporta elegancia y comodidad al hogar sin recargar el ambiente.<\/p>\n<p><strong data-start=\"412\" data-end=\"424\">Medidas:<\/strong><\/p>\n<ul>\n<li>Largo: 1.80 m.<\/li>\n<li data-start=\"412\" data-end=\"440\">Extendido : 1.58 m.<\/li>\n<li data-start=\"412\" data-end=\"440\">Cerrado : 1.11 m.<\/li>\n<\/ul>\n<p><strong>Disponible:\u00a0<\/strong>En otros largos (2.00m, 2.42m y 2.62) y en otros tonos de tela.<\/p>\n<p>PVP con ITBM 2.mt $1,911.02.<\/p>\n<p>PVP con ITBM 2.42mt $2,250.21.<\/p>\n<p>PVP con ITBM 2.62mt $2,624.71.<\/p>\n<p><strong data-start=\"442\" data-end=\"457\">Ideal para:<\/strong> salas modernas, apartamentos, salas de TV y espacios donde se busca m\u00e1ximo confort con un dise\u00f1o limpio y sofisticado.<\/p>\n<p>Vis\u00edtanos en nuestra tienda en Via Israel para sentir su comodidad y para conocer todas las opciones de tama\u00f1o y telas.<\/p>\n<\/div>\n<\/div>\n<\/div>\n<\/div>\n<div class=\"z-0 flex min-h-[46px] justify-start\"><\/div>\n<div class=\"mt-3 w-full empty:hidden\"><\/div>\n<\/div>\n<\/div>\n<\/section>\n","protected":false},"featured_media":54772,"template":"","meta":[],"product_brand":[],"product_cat":[15,210,240,151,217,152,156,164],"product_tag":[246,244,258],"class_list":{"0":"post-54757","1":"product","2":"type-product","3":"status-publish","4":"has-post-thumbnail","6":"product_cat-areatv","7":"product_cat-area-tv","8":"product_cat-enoferta","9":"product_cat-salas","10":"product_cat-sofas-salas","11":"product_cat-sofas","12":"product_cat-sofasextendible","13":"product_cat-sofasextendibles","14":"product_tag-sofa-extendibles","15":"product_tag-sofacama","16":"product_tag-sofas-extendibles","18":"first","19":"instock","20":"taxable","21":"shipping-taxable","22":"product-type-simple"},"jetpack_sharing_enabled":true,"_links":{"self":[{"href":"https:\/\/tribecahm.com\/index.php\/wp-json\/wp\/v2\/product\/54757","targetHints":{"allow":["GET"]}}],"collection":[{"href":"https:\/\/tribecahm.com\/index.php\/wp-json\/wp\/v2\/product"}],"about":[{"href":"https:\/\/tribecahm.com\/index.php\/wp-json\/wp\/v2\/types\/product"}],"version-history":[{"count":6,"href":"https:\/\/tribecahm.com\/index.php\/wp-json\/wp\/v2\/product\/54757\/revisions"}],"predecessor-version":[{"id":55105,"href":"https:\/\/tribecahm.com\/index.php\/wp-json\/wp\/v2\/product\/54757\/revisions\/55105"}],"wp:featuredmedia":[{"embeddable":true,"href":"https:\/\/tribecahm.com\/index.php\/wp-json\/wp\/v2\/media\/54772"}],"wp:attachment":[{"href":"https:\/\/tribecahm.com\/index.php\/wp-json\/wp\/v2\/media?parent=54757"}],"wp:term":[{"taxonomy":"product_brand","embeddable":true,"href":"https:\/\/tribecahm.com\/index.php\/wp-json\/wp\/v2\/product_brand?post=54757"},{"taxonomy":"product_cat","embeddable":true,"href":"https:\/\/tribecahm.com\/index.php\/wp-json\/wp\/v2\/product_cat?post=54757"},{"taxonomy":"product_tag","embeddable":true,"href":"https:\/\/tribecahm.com\/index.php\/wp-json\/wp\/v2\/product_tag?post=54757"}],"curies":[{"name":"wp","href":"https:\/\/api.w.org\/{rel}","templated":true}]}}